hat is 30 - 755a?
-752a
In base 5, what is -4 - -223400?
223341
In base 12, what is -404b - -51?
-3bba
In base 16, what is -bfb7 + -7?
-bfbe
In base 6, what is 452 - 11420?
-10524
In base 3, what is 22112112 + -22210?
22012202
In base 10, what is -1411 + 84?
-1327
In base 4, what is -11232 - 20322?
-32220
In base 10, what is -5 + 123747?
123742
In base 3, what is 1011211 - 12102?
222102
In base 14, what is -4 + 2467?
2463
In base 9, what is -10 - 71077?
-71087
In base 11, what is 8 - -6310?
6318
In base 6, what is 3043 + 112?
3155
In base 16, what is -24 + -18da?
-18fe
In base 10, what is 0 - 1434?
-1434
In base 16, what is 2 + -106d2f?
-106d2d
In base 2, what is -1010111011011110010000 - 1?
-1010111011011110010001
In base 4, what is -3 + -11012230?
-11012233
In base 4, what is 10 + 313202230?
313202300
In base 15, what is -4a - 4a?
-95
In base 6, what is 44002 + 1020?
45022
In base 9, what is 5 + 140357?
140363
In base 15, what is -b264 + 2?
-b262
In base 14, what is -1ac5 - 5?
-1aca
In base 10, what is 538 - -14?
552
In base 12, what is -2533 - -7?
-2528
In base 9, what is -1353 + 6?
-1346
In base 4, what is -2 + -321032?
-321100
In base 7, what is -641664 - 2?
-641666
In base 13, what is -5c71c - 4?
-5c723
In base 16, what is -198f + -7?
-1996
In base 13, what is 7 + 6ba29?
6ba33
In base 11, what is -11aa2 + 6?
-11a97
In base 14, what is -3 + 52c9?
52c6
In base 3, what is -10011 + 21222?
11211
In base 10, what is -126 + -436?
-562
In base 15, what is -1ab4 - 1e2?
-1ca6
In base 4, what is -20 + -2010030?
-2010110
In base 3, what is -221212211 - -2021?
-221210120
In base 11, what is -11a + -2269?
-2388
In base 5, what is 1400 + 20203?
22103
In base 4, what is 101 - -122320?
123021
In base 15, what is -17bc4b + 4?
-17bc47
In base 13, what is 10 + -2cb35?
-2cb25
In base 13, what is 2 + -3a06?
-3a04
In base 8, what is -1036102 - 10?
-1036112
In base 15, what is 2bae7 - -2?
2bae9
In base 9, what is -1261 - 124?
-1385
In base 9, what is 5 - 484072?
-484066
In base 3, what is -12102 + 21022?
1220
In base 12, what is -5014 - 2?
-5016
In base 2, what is -10 - -111110010011?
111110010001
In base 8, what is -20 - -525?
505
In base 2, what is -11110000 + -1000101001?
-1100011001
In base 9, what is -70 - 1125?
-1205
In base 6, what is 2525 + -302?
2223
In base 16, what is -5b2d9 - 5?
-5b2de
In base 15, what is b8 - -40?
108
In base 4, what is 1322023032 + -1?
1322023031
In base 3, what is -1100 + 1111221012?
1111212212
In base 13, what is 5 + -11c4?
-11bc
In base 7, what is -23616 + -235?
-24154
In base 14, what is 1 + -6d687?
-6d686
In base 14, what is 1a0a + -4?
1a06
In base 3, what is -12 + -10202100012?
-10202100101
In base 6, what is -24 + -4040131?
-4040155
In base 6, what is 13 - 32045?
-32032
In base 16, what is 7a5 - 242?
563
In base 13, what is -c + -2210?
-221c
In base 10, what is -5 + -8581?
-8586
In base 3, what is 10 - 20120012022?
-20120012012
In base 16, what is -8 + 804f?
8047
In base 4, what is 230202 - 20?
230122
In base 16, what is -46 - -667?
621
In base 2, what is -101101 + 1110?
-11111
In base 15, what is 2 + 281eb?
281ed
In base 5, what is 304232 + -243?
303434
In base 7, what is 11141 - 125?
11013
In base 2, what is 100 + -10111101101101?
-10111101101001
In base 10, what is 493642 - -5?
493647
In base 5, what is 21014 + -100034?
-24020
In base 4, what is 1230302 - -13?
1230321
In base 12, what is -385 - -2182?
19b9
In base 4, what is -1303301101 - -11?
-1303301030
In base 11, what is -18 - -21756?
21739
In base 11, what is -a1 - -11750?
1165a
In base 10, what is 2 + -98738?
-98736
In base 11, what is 8328a + 2a?
83309
In base 9, what is -5 - 255405?
-255411
In base 2, what is 11 - -110010111010101?
110010111011000
In base 16, what is a4 + -b42?
-a9e
In base 13, what is -3888 + 2?
-3886
In base 8, what is -147 + -631?
-1000
In base 11, what is -3 + -7171?
-7174
In base 7, what is 10 - -24550?
24560
In base 5, what is -2 + -30323044?
-30323101
In base 7, what is -1536 - 12164?
-14033
In base 10, what is -301261 - 3?
-301264
In base 3, what is 100000 - -100020022?
100120022
In base 3, what is -1201 - -22201000?
22122022
In base 10, what is 25 - 20?
5
In base 2, what is 11010101 - -11010101001?
11101111110
In base 16, what is -4a - 3dc?
-426
In base 7, what is 2 - -3133252?
3133254
In base 14, what is 1682d + 1?
16830
In base 5, what is -4 - 130223434?
-130223443
In base 6, what is -523 + 135011?
134044
In base 9, what is -25611 + -14?
-25625
In base 11, what is -1390 - 644?
-1a24
In base 8, what is -677 - -4132?
3233
In base 13, what is 290 - -abb?
107b
In base 10, what is 152140 + -3?
152137
In base 6, what is 10055 - -1013?
11112
In base 11, what is 3 + -40247?
-40244
In base 12, what is 2084 - -31?
20b5
In base 15, what is -7 + -12de3?
-12dea
In base 5, what is -10311440 - -3?
-10311432
In base 13, what is 9 + 15392?
1539b
In base 10, what is 12 - 12939?
-12927
In base 8, what is 1423374 - 3?
1423371
In base 2, what is 1 + 1100000001100100000?
1100000001100100001
In base 15, what is -62424 + 6?
-6241d
In base 2, what is -1111010010101110 - -1?
-1111010010101101
In base 10, what is -473699 + -3?
-473702
In base 9, what is 20131 + 5?
20136
In base 6, what is -2 - 125533?
-125535
In base 9, what is 217 + -212?
5
In base 10, what is -312 - 86?
-398
In base 4, what is 31 + -100230?
-100133
In base 16, what is 1f5 - fd?
f8
In base 8, what is 200512 + 5?
200517
In base 6, what is 10 + 42400?
42410
In base 12, what is 147b - 35?
1446
In base 11, what is -3a9 - 14?
-412
In base 5, what is -132120 + -23?
-132143
In base 10, what is 1 - -2973?
2974
In base 4, what is -11333 - 222?
-12221
In base 8, what is -5 - -3363?
3356
In base 2, what is -101010010100 + 1?
-101010010011
In base 16, what is -7 - -17d?
176
In base 8, what is -12223563 - -4?
-12223557
In base 16, what is 1ebc - b?
1eb1
In base 7, what is 106 + 13525?
13634
In base 11, what is 5a5 + -492?
113
In base 13, what is c7b + -5c?
c1c
In base 10, what is -5 + 177026?
177021
In base 4, what is 12 - -323202?
323220
In base 8, what is 252350 + 1?
252351
In base 7, what is -354 + 5200?
4513
In base 14, what is 1c5 - -784?
969
In base 10, what is -5090 - -4?
-5086
In base 5, what is 3040 - -40040?
43130
In base 14, what is 4ca - -b?
4d7
In base 14, what is -160 - -146?
-18
In base 7, what is 342 + -40?
302
In base 8, what is -50166 - -7?
-50157
In base 16, what is 1b27 - 10?
1b17
In base 14, what is 1495c + 0?
1495c
In base 14, what is b760 - 8?
b756
In base 3, what is -21 + 12112200?
12112102
In base 6, what is -1314 - 2303?
-4021
In base 3, what is -101 - -21101011211?
21101011110
In base 13, what is -27 + c78?
c51
In base 8, what is 33 + -564?
-531
In base 15, what is 2 + cde?
ce1
In base 11, what is 720 + 89?
7a9
In base 12, what is -113 + 38a?
277
In base 15, what is 4078 + -44?
4034
In base 3, what is -1112 - 101101112?
-101110001
In base 14, what is -b - 6387?
-6394
In base 14, what is -5 + -9495?
-949a
In base 8, what is -1 + -26303?
-26304
In base 14, what is -16 - -76b?
755
In base 6, what is -1414023 - -3?
-1414020
In base 13, what is -64 - -256?
1c2
In base 13, what is 52 + 132b2?
13334
In base 11, what is -3 + 5340?
5338
In base 3, what is 22 + -1110120?
-1110021
In base 12, what is 105193 - 0?
105193
In base 15, what is 1 + 13bc67?
13bc68
In base 9, what is 767308 - -4?
767313
In base 14, what is -4c - 15386?
-153d4
In base 13, what is -1 + -cca0?
-cca1
In base 5, what is 4 + -4133404?
-4133400
In base 15, what is -7231 - -3?
-722d
In base 7, what is -203 - 2513?
-3016
In base 10, what is -2323071 - -1?
-2323070
In base 11, what is -a1 - -2153?
2062
In base 2, what is -1000010 + -10000100001111?
-10000101010001
In base 10, what is -17043 - -33?
-17010
In base 13, what is c1 + -119?
-28
In base 10, what is -4 - -26854?
26850
In base 13, what is 2 - 58c56?
-58c54
In base 8, what is -1 - 104614?
-104615
In base 3, what is 0 + -10110110?
-10110110
In base 6, what is 11 + 120002?
120013
In base 5, what is 303044 + -4?
303040
In base 7, what is -165 - 11541?
-12036
In base 13, what is -1ca12 + -4?
-1ca16
In base 16, what is 30b3 + 5?
30b8
In base 14, what is 2 + 10bb7?
10bb9
In base 7, what is -55540 + -13?
-55553
In base 10, what is 10397 - -6?
10403
In base 8, what is -17